{"id":1308,"date":"2022-12-11T16:58:08","date_gmt":"2022-12-11T15:58:08","guid":{"rendered":"https:\/\/yannlazoo.art\/?page_id=1308"},"modified":"2022-12-24T11:33:03","modified_gmt":"2022-12-24T10:33:03","slug":"expositions","status":"publish","type":"page","link":"https:\/\/yannlazoo.art\/?page_id=1308","title":{"rendered":"Expositions"},"content":{"rendered":"\t\t<div data-elementor-type=\"wp-page\" data-elementor-id=\"1308\" class=\"elementor elementor-1308\" data-elementor-post-type=\"page\">\n\t\t\t\t\t\t<section class=\"elementor-section elementor-top-section elementor-element elementor-element-e48a773 elementor-section-boxed elementor-section-height-default elementor-section-height-default\" data-id=\"e48a773\" data-element_type=\"section\" data-e-type=\"section\">\n\t\t\t\t\t\t<div class=\"elementor-container elementor-column-gap-default\">\n\t\t\t\t\t<div class=\"elementor-column elementor-col-100 elementor-top-column elementor-element elementor-element-487d82d\" data-id=\"487d82d\" data-element_type=\"column\" data-e-type=\"column\">\n\t\t\t<div class=\"elementor-widget-wrap elementor-element-populated\">\n\t\t\t\t\t\t<div class=\"elementor-element elementor-element-a8197c9 elementor-widget elementor-widget-spacer\" data-id=\"a8197c9\" data-element_type=\"widget\" data-e-type=\"widget\" data-widget_type=\"spacer.default\">\n\t\t\t\t<div class=\"elementor-widget-container\">\n\t\t\t\t\t\t\t<div class=\"elementor-spacer\">\n\t\t\t<div class=\"elementor-spacer-inner\"><\/div>\n\t\t<\/div>\n\t\t\t\t\t\t<\/div>\n\t\t\t\t<\/div>\n\t\t\t\t\t<\/div>\n\t\t<\/div>\n\t\t\t\t\t<\/div>\n\t\t<\/section>\n\t\t\t\t<section class=\"elementor-section elementor-top-section elementor-element elementor-element-427d0e6 elementor-section-boxed elementor-section-height-default elementor-section-height-default\" data-id=\"427d0e6\" data-element_type=\"section\" data-e-type=\"section\">\n\t\t\t\t\t\t<div class=\"elementor-container elementor-column-gap-default\">\n\t\t\t\t\t<div class=\"elementor-column elementor-col-100 elementor-top-column elementor-element elementor-element-4f43cb7\" data-id=\"4f43cb7\" data-element_type=\"column\" data-e-type=\"column\">\n\t\t\t<div class=\"elementor-widget-wrap elementor-element-populated\">\n\t\t\t\t\t\t<div class=\"elementor-element elementor-element-4404dda elementor-widget elementor-widget-image\" data-id=\"4404dda\" data-element_type=\"widget\" data-e-type=\"widget\" data-widget_type=\"image.default\">\n\t\t\t\t<div class=\"elementor-widget-container\">\n\t\t\t\t\t\t\t\t\t\t\t\t\t\t\t<img fetchpriority=\"high\" decoding=\"async\" width=\"800\" height=\"405\" src=\"https:\/\/yannlazoo.art\/wp-content\/uploads\/2022\/12\/photo-expo-Singapour-1024x519.jpg\" class=\"attachment-large size-large wp-image-1304\" alt=\"\" srcset=\"https:\/\/yannlazoo.art\/wp-content\/uploads\/2022\/12\/photo-expo-Singapour-1024x519.jpg 1024w, https:\/\/yannlazoo.art\/wp-content\/uploads\/2022\/12\/photo-expo-Singapour-300x152.jpg 300w, https:\/\/yannlazoo.art\/wp-content\/uploads\/2022\/12\/photo-expo-Singapour-768x389.jpg 768w, https:\/\/yannlazoo.art\/wp-content\/uploads\/2022\/12\/photo-expo-Singapour-1536x778.jpg 1536w, https:\/\/yannlazoo.art\/wp-content\/uploads\/2022\/12\/photo-expo-Singapour-2048x1037.jpg 2048w\" sizes=\"(max-width: 800px) 100vw, 800px\" \/>\t\t\t\t\t\t\t\t\t\t\t\t\t\t\t<\/div>\n\t\t\t\t<\/div>\n\t\t\t\t\t<\/div>\n\t\t<\/div>\n\t\t\t\t\t<\/div>\n\t\t<\/section>\n\t\t\t\t<section class=\"elementor-section elementor-top-section elementor-element elementor-element-35ce95e elementor-section-boxed elementor-section-height-default elementor-section-height-default\" data-id=\"35ce95e\" data-element_type=\"section\" data-e-type=\"section\">\n\t\t\t\t\t\t<div class=\"elementor-container elementor-column-gap-default\">\n\t\t\t\t\t<div class=\"elementor-column elementor-col-100 elementor-top-column elementor-element elementor-element-e9bae65\" data-id=\"e9bae65\" data-element_type=\"column\" data-e-type=\"column\">\n\t\t\t<div class=\"elementor-widget-wrap elementor-element-populated\">\n\t\t\t\t\t\t<div class=\"elementor-element elementor-element-de4937a elementor-widget elementor-widget-heading\" data-id=\"de4937a\" data-element_type=\"widget\" data-e-type=\"widget\" data-widget_type=\"heading.default\">\n\t\t\t\t<div class=\"elementor-widget-container\">\n\t\t\t\t\t<h2 class=\"elementor-heading-title elementor-size-default\">Expositions<\/h2>\t\t\t\t<\/div>\n\t\t\t\t<\/div>\n\t\t\t\t\t<\/div>\n\t\t<\/div>\n\t\t\t\t\t<\/div>\n\t\t<\/section>\n\t\t\t\t<section class=\"elementor-section elementor-top-section elementor-element elementor-element-d00238a elementor-section-boxed elementor-section-height-default elementor-section-height-default\" data-id=\"d00238a\" data-element_type=\"section\" data-e-type=\"section\">\n\t\t\t\t\t\t<div class=\"elementor-container elementor-column-gap-default\">\n\t\t\t\t\t<div class=\"elementor-column elementor-col-100 elementor-top-column elementor-element elementor-element-cf861a8\" data-id=\"cf861a8\" data-element_type=\"column\" data-e-type=\"column\">\n\t\t\t<div class=\"elementor-widget-wrap elementor-element-populated\">\n\t\t\t\t\t\t<div class=\"elementor-element elementor-element-bfb7e1d elementor-widget-divider--view-line elementor-widget elementor-widget-divider\" data-id=\"bfb7e1d\" data-element_type=\"widget\" data-e-type=\"widget\" data-widget_type=\"divider.default\">\n\t\t\t\t<div class=\"elementor-widget-container\">\n\t\t\t\t\t\t\t<div class=\"elementor-divider\">\n\t\t\t<span class=\"elementor-divider-separator\">\n\t\t\t\t\t\t<\/span>\n\t\t<\/div>\n\t\t\t\t\t\t<\/div>\n\t\t\t\t<\/div>\n\t\t\t\t\t<\/div>\n\t\t<\/div>\n\t\t\t\t\t<\/div>\n\t\t<\/section>\n\t\t\t\t<section class=\"elementor-section elementor-top-section elementor-element elementor-element-12e969d elementor-section-boxed elementor-section-height-default elementor-section-height-default\" data-id=\"12e969d\" data-element_type=\"section\" data-e-type=\"section\">\n\t\t\t\t\t\t<div class=\"elementor-container elementor-column-gap-default\">\n\t\t\t\t\t<div class=\"elementor-column elementor-col-100 elementor-top-column elementor-element elementor-element-3520c13\" data-id=\"3520c13\" data-element_type=\"column\" data-e-type=\"column\">\n\t\t\t<div class=\"elementor-widget-wrap elementor-element-populated\">\n\t\t\t\t\t\t<div class=\"elementor-element elementor-element-fe175a7 elementor-widget elementor-widget-text-editor\" data-id=\"fe175a7\" data-element_type=\"widget\" data-e-type=\"widget\" data-widget_type=\"text-editor.default\">\n\t\t\t\t<div class=\"elementor-widget-container\">\n\t\t\t\t\t\t\t\t\t<p class=\"western\" align=\"left\"><span style=\"font-family: ArialMT, sans-serif;\"><span style=\"font-size: small;\">Rassemblant les principales expositons collectives et individuelles auquelles Lazoo a particip\u00e9, cette page pr\u00e9sente plus de 25 ans de travaux sur toiles. Ce sont les fresques murales et le graffiti qui ont engendr\u00e9 cette envie de peindre sur toile. Longtemps intimement au graffiti, les \u0153uvres de lazoo explorent d\u00e9sormais des champs cr\u00e9atifs plus larges.<\/span><\/span><\/p>\t\t\t\t\t\t\t\t<\/div>\n\t\t\t\t<\/div>\n\t\t\t\t\t<\/div>\n\t\t<\/div>\n\t\t\t\t\t<\/div>\n\t\t<\/section>\n\t\t\t\t<section class=\"elementor-section elementor-top-section elementor-element elementor-element-3f815dd elementor-section-boxed elementor-section-height-default elementor-section-height-default\" data-id=\"3f815dd\" data-element_type=\"section\" data-e-type=\"section\">\n\t\t\t\t\t\t<div class=\"elementor-container elementor-column-gap-default\">\n\t\t\t\t\t<div class=\"elementor-column elementor-col-100 elementor-top-column elementor-element elementor-element-26a0984\" data-id=\"26a0984\" data-element_type=\"column\" data-e-type=\"column\">\n\t\t\t<div class=\"elementor-widget-wrap elementor-element-populated\">\n\t\t\t\t\t\t<div class=\"elementor-element elementor-element-777b473 elementor-widget-divider--view-line elementor-widget elementor-widget-divider\" data-id=\"777b473\" data-element_type=\"widget\" data-e-type=\"widget\" data-widget_type=\"divider.default\">\n\t\t\t\t<div class=\"elementor-widget-container\">\n\t\t\t\t\t\t\t<div class=\"elementor-divider\">\n\t\t\t<span class=\"elementor-divider-separator\">\n\t\t\t\t\t\t<\/span>\n\t\t<\/div>\n\t\t\t\t\t\t<\/div>\n\t\t\t\t<\/div>\n\t\t\t\t\t<\/div>\n\t\t<\/div>\n\t\t\t\t\t<\/div>\n\t\t<\/section>\n\t\t\t\t<section class=\"elementor-section elementor-top-section elementor-element elementor-element-dd26f65 elementor-section-boxed elementor-section-height-default elementor-section-height-default\" data-id=\"dd26f65\" data-element_type=\"section\" data-e-type=\"section\">\n\t\t\t\t\t\t<div class=\"elementor-container elementor-column-gap-default\">\n\t\t\t\t\t<div class=\"elementor-column elementor-col-66 elementor-top-column elementor-element elementor-element-829fb99\" data-id=\"829fb99\" data-element_type=\"column\" data-e-type=\"column\">\n\t\t\t<div class=\"elementor-widget-wrap elementor-element-populated\">\n\t\t\t\t\t\t<div class=\"elementor-element elementor-element-65c5ff2 elementor-widget elementor-widget-text-editor\" data-id=\"65c5ff2\" data-element_type=\"widget\" data-e-type=\"widget\" data-widget_type=\"text-editor.default\">\n\t\t\t\t<div class=\"elementor-widget-container\">\n\t\t\t\t\t\t\t\t\t<div class=\"elementor-column elementor-col-66 elementor-top-column elementor-element elementor-element-935be60\" data-id=\"935be60\" data-element_type=\"column\"><div class=\"elementor-widget-wrap elementor-element-populated\"><div class=\"elementor-element elementor-element-adedfe6 elementor-widget elementor-widget-text-editor\" data-id=\"adedfe6\" data-element_type=\"widget\" data-widget_type=\"text-editor.default\"><div class=\"elementor-widget-container\"><p><strong>2022 :<\/strong><br \/>Exposition \u00abR\u00e9union Graffiti \u00bb \u00e0 la Cit\u00e9 des Arts, Saint Denis de la R\u00e9union.<\/p><p>District 13 Art Fair, Rose studio Art, Drouot, Paris<\/p><p><strong>2021 :<\/strong><br \/>Exposition \u00abR\u00e9union Graffiti \u00bb \u00e0 la Cit\u00e9 des Arts, Saint Denis de la R\u00e9union.<\/p><p><strong>2019 :<\/strong><br \/>Exposition Opus galerie, Saint Denis de la R\u00e9union.<\/p><p><strong>2018 :<\/strong><br \/>Exposition \u00abExpansion \u00bb \u00e0 la Gare Exp\u00e9rimentale, Paris.<br \/>Exposition \u00e0 la Manufacture 111, Bruxelles.<\/p><p><strong>2017 :<\/strong><br \/>Exposition \u00e0 la Blank Gallery, Tokyo,<br \/>Exposition \u00ab Soul &amp; Paper \u00bb, Dimlight Studio, Hiroshima,<br \/>Exposition au Jakarta Artstage 2017, Jakarta 2017,<br \/>Exposition Graffiti Street Art, Galerie Camille Burgi, Paris,<\/p><p><strong>2016 :<\/strong><br \/>Exposition \u00ab Le Pressionisme \u00bb, Pinacoth\u00e8que de Paris \u00e0 Singapour.<br \/>Exposition \u00ab Pochettes en stock \u00bb, Galerie Loft 34, Paris.<br \/>Exposition \u00ab Dehors\/Dedans \u00bb, Galerie Wallworks, Paris.<br \/>Exposition \u00ab Le Pressionisme \u00bb Institut Bernard Magrez, Bordeaux<\/p><p><strong>2015 :<\/strong><br \/>Exposition \u00ab Cream time \u00bb, Galerie Green Flowers Art, Boulogne.<br \/>Exposition \u00ab Face au Mur \u00bb, Caserne de Reuilly, Paris.<\/p><p><strong>2014 :<\/strong><br \/>Exposition \u00ab Lazoo\u2019s theme \u00bb, \u00e0 la Belleviloise , Paris.<br \/>Exposition \u00ab Prologue \u00bb , Ath\u00e8nes,<br \/>Exposition \u00ab Ne pas effacer \u00bb, galerie Wallworks, Paris.<\/p><p><strong>2013 :<\/strong><br \/>Exposition \u00ab Off th wall \u00bb, galeire Wallworks, Paris.<br \/>Exposition \u00ab Int\u00e9rieur Rue\u00bb, galerie Wallworks, Paris.<br \/>Exposition SOS Racisme, Palais de Tokyo, Paris.<br \/>Exposition \u00e0 la GFA Biennale du MUBE Museum, Sao Paulo.<br \/>Exposition \u00ab Graffiti &amp; Street art \u00bb, galerie de l\u2019atelier Gustave, Paris.<\/p><p><strong>2012:<\/strong><br \/>Exposition \u00ab City of Gold\u00bb, Galerie Afronova, Johanesburg.<br \/>Exposition \u00ab Fifty-Fifty\u00bb, Galerie Mathgoth, Paris.<br \/>Exposition \u00ab Ne pas effacer\u00bb, Galerie Wallworks, Paris.<\/p><p><strong>2011:<\/strong><br \/>Exposition \u00ab Off the wall\u00bb, Galerie Artspace, Singapour.<br \/>Exposition \u00e0 la D Gallery, Jakarta.<br \/>Exposition \u00abGraffiti Legends in HK\u00bb, galerie Damina, Hong Kong.<br \/>Exposition \u00abEuropa Graffiti\u00bb, Pavillon carr\u00e9 de Baudouin, Paris.<br \/>Exposition \u00e0 la galerie Grayscale, Johanesburg.<br \/>Exposition \u00ab40 ans de pressionnisme\u00bb, Forum Grimaldi Monaco.<\/p><p><strong>2010:<\/strong><br \/>Exposition galerie Wallworks, Paris.<br \/>Exposition No Borders Contemporary Art Gallery, Hong Kong.<br \/>Exposition Wall Street Arts, galerie Salihara, Jakarta.<br \/>Exposition \u00abLettres de noblesse\u00bb au Palais de Tokyo, Paris.<\/p><p><strong>2009 :<\/strong><br \/>Exposition TAG au Grand Palais, Paris.<br \/>Exposition Paris Hip Hop au 104, Paris.<br \/>Exposition GoGallery, Amsterdam.<\/p><p><strong>2003 :<\/strong><br \/>Exposition \u00ab Young Primitives \u00bb, Mus\u00e9e Groeninge, Brugges.<br \/>Exposition, galerie K31, Lahr.<\/p><p><strong>2001 :<\/strong><br \/>Exposition Urban Discipline, Hambourg.<\/p><\/div><\/div><\/div><\/div>\t\t\t\t\t\t\t\t<\/div>\n\t\t\t\t<\/div>\n\t\t\t\t\t<\/div>\n\t\t<\/div>\n\t\t\t\t<div class=\"elementor-column elementor-col-33 elementor-top-column elementor-element elementor-element-3b9547b\" data-id=\"3b9547b\" data-element_type=\"column\" data-e-type=\"column\">\n\t\t\t<div class=\"elementor-widget-wrap elementor-element-populated\">\n\t\t\t\t\t\t<div class=\"elementor-element elementor-element-7b6324d elementor-widget elementor-widget-gallery\" data-id=\"7b6324d\" data-element_type=\"widget\" data-e-type=\"widget\" data-settings=\"{&quot;gallery_layout&quot;:&quot;masonry&quot;,&quot;columns&quot;:1,&quot;lazyload&quot;:&quot;yes&quot;,&quot;columns_tablet&quot;:2,&quot;columns_mobile&quot;:1,&quot;gap&quot;:{&quot;unit&quot;:&quot;px&quot;,&quot;size&quot;:10,&quot;sizes&quot;:[]},&quot;gap_tablet&quot;:{&quot;unit&quot;:&quot;px&quot;,&quot;size&quot;:10,&quot;sizes&quot;:[]},&quot;gap_mobile&quot;:{&quot;unit&quot;:&quot;px&quot;,&quot;size&quot;:10,&quot;sizes&quot;:[]},&quot;link_to&quot;:&quot;file&quot;,&quot;overlay_background&quot;:&quot;yes&quot;,&quot;content_hover_animation&quot;:&quot;fade-in&quot;}\" data-widget_type=\"gallery.default\">\n\t\t\t\t<div class=\"elementor-widget-container\">\n\t\t\t\t\t\t\t<div class=\"elementor-gallery__container\">\n\t\t\t\t\t\t\t<a class=\"e-gallery-item elementor-gallery-item elementor-animated-content\" href=\"https:\/\/yannlazoo.art\/wp-content\/uploads\/2022\/12\/Wall-Street-Art-2220-scaled.jpg\" data-elementor-open-lightbox=\"yes\" data-elementor-lightbox-slideshow=\"7b6324d\" data-elementor-lightbox-title=\"JAKARTA WALL STREET ART\" data-e-action-hash=\"#elementor-action%3Aaction%3Dlightbox%26settings%3DeyJpZCI6MTA2OSwidXJsIjoiaHR0cHM6XC9cL3lhbm5sYXpvby5hcnRcL3dwLWNvbnRlbnRcL3VwbG9hZHNcLzIwMjJcLzEyXC9XYWxsLVN0cmVldC1BcnQtMjIyMC1zY2FsZWQuanBnIiwic2xpZGVzaG93IjoiN2I2MzI0ZCJ9\">\n\t\t\t\t\t<div class=\"e-gallery-image elementor-gallery-item__image\" data-thumbnail=\"https:\/\/yannlazoo.art\/wp-content\/uploads\/2022\/12\/Wall-Street-Art-2220-scaled.jpg\" data-width=\"1703\" data-height=\"2560\" aria-label=\"\" role=\"img\" ><\/div>\n\t\t\t\t\t\t\t\t\t\t\t<div class=\"elementor-gallery-item__overlay\"><\/div>\n\t\t\t\t\t\t\t\t\t\t\t\t\t\t<\/a>\n\t\t\t\t\t\t\t<a class=\"e-gallery-item elementor-gallery-item elementor-animated-content\" href=\"https:\/\/yannlazoo.art\/wp-content\/uploads\/2022\/12\/IMG_5035-scaled.jpg\" data-elementor-open-lightbox=\"yes\" data-elementor-lightbox-slideshow=\"7b6324d\" data-elementor-lightbox-title=\"IMG_5035\" data-e-action-hash=\"#elementor-action%3Aaction%3Dlightbox%26settings%3DeyJpZCI6MTA2NSwidXJsIjoiaHR0cHM6XC9cL3lhbm5sYXpvby5hcnRcL3dwLWNvbnRlbnRcL3VwbG9hZHNcLzIwMjJcLzEyXC9JTUdfNTAzNS1zY2FsZWQuanBnIiwic2xpZGVzaG93IjoiN2I2MzI0ZCJ9\">\n\t\t\t\t\t<div class=\"e-gallery-image elementor-gallery-item__image\" data-thumbnail=\"https:\/\/yannlazoo.art\/wp-content\/uploads\/2022\/12\/IMG_5035-scaled.jpg\" data-width=\"2560\" data-height=\"1707\" aria-label=\"\" role=\"img\" ><\/div>\n\t\t\t\t\t\t\t\t\t\t\t<div class=\"elementor-gallery-item__overlay\"><\/div>\n\t\t\t\t\t\t\t\t\t\t\t\t\t\t<\/a>\n\t\t\t\t\t\t\t<a class=\"e-gallery-item elementor-gallery-item elementor-animated-content\" href=\"https:\/\/yannlazoo.art\/wp-content\/uploads\/2022\/12\/IMGP1886-scaled.jpg\" data-elementor-open-lightbox=\"yes\" data-elementor-lightbox-slideshow=\"7b6324d\" data-elementor-lightbox-title=\"IMGP1886\" data-e-action-hash=\"#elementor-action%3Aaction%3Dlightbox%26settings%3DeyJpZCI6MTA2NiwidXJsIjoiaHR0cHM6XC9cL3lhbm5sYXpvby5hcnRcL3dwLWNvbnRlbnRcL3VwbG9hZHNcLzIwMjJcLzEyXC9JTUdQMTg4Ni1zY2FsZWQuanBnIiwic2xpZGVzaG93IjoiN2I2MzI0ZCJ9\">\n\t\t\t\t\t<div class=\"e-gallery-image elementor-gallery-item__image\" data-thumbnail=\"https:\/\/yannlazoo.art\/wp-content\/uploads\/2022\/12\/IMGP1886-scaled.jpg\" data-width=\"2560\" data-height=\"1920\" aria-label=\"\" role=\"img\" ><\/div>\n\t\t\t\t\t\t\t\t\t\t\t<div class=\"elementor-gallery-item__overlay\"><\/div>\n\t\t\t\t\t\t\t\t\t\t\t\t\t\t<\/a>\n\t\t\t\t\t\t\t<a class=\"e-gallery-item elementor-gallery-item elementor-animated-content\" href=\"https:\/\/yannlazoo.art\/wp-content\/uploads\/2022\/12\/20190527_154134-scaled.jpg\" data-elementor-open-lightbox=\"yes\" data-elementor-lightbox-slideshow=\"7b6324d\" data-elementor-lightbox-title=\"20190527_154134\" data-e-action-hash=\"#elementor-action%3Aaction%3Dlightbox%26settings%3DeyJpZCI6MTAzMSwidXJsIjoiaHR0cHM6XC9cL3lhbm5sYXpvby5hcnRcL3dwLWNvbnRlbnRcL3VwbG9hZHNcLzIwMjJcLzEyXC8yMDE5MDUyN18xNTQxMzQtc2NhbGVkLmpwZyIsInNsaWRlc2hvdyI6IjdiNjMyNGQifQ%3D%3D\">\n\t\t\t\t\t<div class=\"e-gallery-image elementor-gallery-item__image\" data-thumbnail=\"https:\/\/yannlazoo.art\/wp-content\/uploads\/2022\/12\/20190527_154134-scaled.jpg\" data-width=\"2560\" data-height=\"1440\" aria-label=\"\" role=\"img\" ><\/div>\n\t\t\t\t\t\t\t\t\t\t\t<div class=\"elementor-gallery-item__overlay\"><\/div>\n\t\t\t\t\t\t\t\t\t\t\t\t\t\t<\/a>\n\t\t\t\t\t\t\t<a class=\"e-gallery-item elementor-gallery-item elementor-animated-content\" href=\"https:\/\/yannlazoo.art\/wp-content\/uploads\/2022\/11\/20171116_200041-scaled.jpg\" data-elementor-open-lightbox=\"yes\" data-elementor-lightbox-slideshow=\"7b6324d\" data-elementor-lightbox-title=\"Exposition Hiroshima\" data-e-action-hash=\"#elementor-action%3Aaction%3Dlightbox%26settings%3DeyJpZCI6NzY2LCJ1cmwiOiJodHRwczpcL1wveWFubmxhem9vLmFydFwvd3AtY29udGVudFwvdXBsb2Fkc1wvMjAyMlwvMTFcLzIwMTcxMTE2XzIwMDA0MS1zY2FsZWQuanBnIiwic2xpZGVzaG93IjoiN2I2MzI0ZCJ9\">\n\t\t\t\t\t<div class=\"e-gallery-image elementor-gallery-item__image\" data-thumbnail=\"https:\/\/yannlazoo.art\/wp-content\/uploads\/2022\/11\/20171116_200041-scaled.jpg\" data-width=\"2560\" data-height=\"1440\" aria-label=\"\" role=\"img\" ><\/div>\n\t\t\t\t\t\t\t\t\t\t\t<div class=\"elementor-gallery-item__overlay\"><\/div>\n\t\t\t\t\t\t\t\t\t\t\t\t\t\t<\/a>\n\t\t\t\t\t<\/div>\n\t\t\t\t\t<\/div>\n\t\t\t\t<\/div>\n\t\t\t\t\t<\/div>\n\t\t<\/div>\n\t\t\t\t\t<\/div>\n\t\t<\/section>\n\t\t\t\t<\/div>\n\t\t","protected":false},"excerpt":{"rendered":"<p>Expositions Rassemblant les principales expositons collectives et individuelles auquelles Lazoo a particip\u00e9, cette page pr\u00e9sente plus de 25 ans de travaux sur toiles. Ce sont les fresques murales et le graffiti qui ont engendr\u00e9 cette envie de peindre sur toile. Longtemps intimement au graffiti, les \u0153uvres de lazoo explorent d\u00e9sormais des champs cr\u00e9atifs plus larges. [&hellip;]<\/p>\n","protected":false},"author":1,"featured_media":0,"parent":0,"menu_order":0,"comment_status":"closed","ping_status":"closed","template":"elementor_header_footer","meta":{"footnotes":""},"class_list":["post-1308","page","type-page","status-publish","hentry"],"_links":{"self":[{"href":"https:\/\/yannlazoo.art\/index.php?rest_route=\/wp\/v2\/pages\/1308","targetHints":{"allow":["GET"]}}],"collection":[{"href":"https:\/\/yannlazoo.art\/index.php?rest_route=\/wp\/v2\/pages"}],"about":[{"href":"https:\/\/yannlazoo.art\/index.php?rest_route=\/wp\/v2\/types\/page"}],"author":[{"embeddable":true,"href":"https:\/\/yannlazoo.art\/index.php?rest_route=\/wp\/v2\/users\/1"}],"replies":[{"embeddable":true,"href":"https:\/\/yannlazoo.art\/index.php?rest_route=%2Fwp%2Fv2%2Fcomments&post=1308"}],"version-history":[{"count":25,"href":"https:\/\/yannlazoo.art\/index.php?rest_route=\/wp\/v2\/pages\/1308\/revisions"}],"predecessor-version":[{"id":1886,"href":"https:\/\/yannlazoo.art\/index.php?rest_route=\/wp\/v2\/pages\/1308\/revisions\/1886"}],"wp:attachment":[{"href":"https:\/\/yannlazoo.art\/index.php?rest_route=%2Fwp%2Fv2%2Fmedia&parent=1308"}],"curies":[{"name":"wp","href":"https:\/\/api.w.org\/{rel}","templated":true}]}}