{"id":295,"date":"2022-11-28T11:15:41","date_gmt":"2022-11-28T10:15:41","guid":{"rendered":"https:\/\/yannlazoo.art\/?page_id=295"},"modified":"2022-12-24T14:07:41","modified_gmt":"2022-12-24T13:07:41","slug":"feutrines-dj","status":"publish","type":"page","link":"https:\/\/yannlazoo.art\/?page_id=295","title":{"rendered":"Feutrines DJ"},"content":{"rendered":"\t\t<div data-elementor-type=\"wp-page\" data-elementor-id=\"295\" class=\"elementor elementor-295\" data-elementor-post-type=\"page\">\n\t\t\t\t\t\t<section class=\"elementor-section elementor-top-section elementor-element elementor-element-1104ddd elementor-section-boxed elementor-section-height-default elementor-section-height-default\" data-id=\"1104ddd\" data-element_type=\"section\" data-e-type=\"section\">\n\t\t\t\t\t\t<div class=\"elementor-container elementor-column-gap-default\">\n\t\t\t\t\t<div class=\"elementor-column elementor-col-100 elementor-top-column elementor-element elementor-element-5084a5d\" data-id=\"5084a5d\" data-element_type=\"column\" data-e-type=\"column\">\n\t\t\t<div class=\"elementor-widget-wrap elementor-element-populated\">\n\t\t\t\t\t\t<div class=\"elementor-element elementor-element-d312a54 elementor-widget elementor-widget-spacer\" data-id=\"d312a54\" data-element_type=\"widget\" data-e-type=\"widget\" data-widget_type=\"spacer.default\">\n\t\t\t\t<div class=\"elementor-widget-container\">\n\t\t\t\t\t\t\t<div class=\"elementor-spacer\">\n\t\t\t<div class=\"elementor-spacer-inner\"><\/div>\n\t\t<\/div>\n\t\t\t\t\t\t<\/div>\n\t\t\t\t<\/div>\n\t\t\t\t\t<\/div>\n\t\t<\/div>\n\t\t\t\t\t<\/div>\n\t\t<\/section>\n\t\t\t\t<section class=\"elementor-section elementor-top-section elementor-element elementor-element-4e1c9ac elementor-section-boxed elementor-section-height-default elementor-section-height-default\" data-id=\"4e1c9ac\" data-element_type=\"section\" data-e-type=\"section\">\n\t\t\t\t\t\t<div class=\"elementor-container elementor-column-gap-default\">\n\t\t\t\t\t<div class=\"elementor-column elementor-col-100 elementor-top-column elementor-element elementor-element-b8e3d91\" data-id=\"b8e3d91\" data-element_type=\"column\" data-e-type=\"column\">\n\t\t\t<div class=\"elementor-widget-wrap elementor-element-populated\">\n\t\t\t\t\t\t<div class=\"elementor-element elementor-element-a4ecbc0 elementor-widget elementor-widget-heading\" data-id=\"a4ecbc0\" data-element_type=\"widget\" data-e-type=\"widget\" data-widget_type=\"heading.default\">\n\t\t\t\t<div class=\"elementor-widget-container\">\n\t\t\t\t\t<h2 class=\"elementor-heading-title elementor-size-default\">Feutrines DJ ORTOFON<\/h2>\t\t\t\t<\/div>\n\t\t\t\t<\/div>\n\t\t\t\t\t<\/div>\n\t\t<\/div>\n\t\t\t\t\t<\/div>\n\t\t<\/section>\n\t\t\t\t<section class=\"elementor-section elementor-top-section elementor-element elementor-element-2605f84 elementor-section-boxed elementor-section-height-default elementor-section-height-default\" data-id=\"2605f84\" data-element_type=\"section\" data-e-type=\"section\">\n\t\t\t\t\t\t<div class=\"elementor-container elementor-column-gap-default\">\n\t\t\t\t\t<div class=\"elementor-column elementor-col-100 elementor-top-column elementor-element elementor-element-5fc4ad0\" data-id=\"5fc4ad0\" data-element_type=\"column\" data-e-type=\"column\">\n\t\t\t<div class=\"elementor-widget-wrap elementor-element-populated\">\n\t\t\t\t\t\t<div class=\"elementor-element elementor-element-0a6ff57 elementor-widget-divider--view-line elementor-widget elementor-widget-divider\" data-id=\"0a6ff57\" data-element_type=\"widget\" data-e-type=\"widget\" data-widget_type=\"divider.default\">\n\t\t\t\t<div class=\"elementor-widget-container\">\n\t\t\t\t\t\t\t<div class=\"elementor-divider\">\n\t\t\t<span class=\"elementor-divider-separator\">\n\t\t\t\t\t\t<\/span>\n\t\t<\/div>\n\t\t\t\t\t\t<\/div>\n\t\t\t\t<\/div>\n\t\t\t\t\t<\/div>\n\t\t<\/div>\n\t\t\t\t\t<\/div>\n\t\t<\/section>\n\t\t\t\t<section class=\"elementor-section elementor-top-section elementor-element elementor-element-ecdc44c elementor-section-boxed elementor-section-height-default elementor-section-height-default\" data-id=\"ecdc44c\" data-element_type=\"section\" data-e-type=\"section\">\n\t\t\t\t\t\t<div class=\"elementor-container elementor-column-gap-default\">\n\t\t\t\t\t<div class=\"elementor-column elementor-col-100 elementor-top-column elementor-element elementor-element-0f33c02\" data-id=\"0f33c02\" data-element_type=\"column\" data-e-type=\"column\">\n\t\t\t<div class=\"elementor-widget-wrap elementor-element-populated\">\n\t\t\t\t\t\t<div class=\"elementor-element elementor-element-9c328e9 elementor-widget elementor-widget-text-editor\" data-id=\"9c328e9\" data-element_type=\"widget\" data-e-type=\"widget\" data-widget_type=\"text-editor.default\">\n\t\t\t\t<div class=\"elementor-widget-container\">\n\t\t\t\t\t\t\t\t\t<p>S\u00e9rie de Feutrines pour DJ\u2019s r\u00e9alis\u00e9es \u00e0 la demande de Ortofon, fabricant de t\u00eates de lecture pour platines vinyls. Chaque feutrine se r\u00e9f\u00e8re \u00e0 un mod\u00e8le sp\u00e9cifique de t\u00eate de lecture.<\/p>\t\t\t\t\t\t\t\t<\/div>\n\t\t\t\t<\/div>\n\t\t\t\t\t<\/div>\n\t\t<\/div>\n\t\t\t\t\t<\/div>\n\t\t<\/section>\n\t\t\t\t<section class=\"elementor-section elementor-top-section elementor-element elementor-element-1fcd8e8 elementor-section-boxed elementor-section-height-default elementor-section-height-default\" data-id=\"1fcd8e8\" data-element_type=\"section\" data-e-type=\"section\">\n\t\t\t\t\t\t<div class=\"elementor-container elementor-column-gap-default\">\n\t\t\t\t\t<div class=\"elementor-column elementor-col-100 elementor-top-column elementor-element elementor-element-abe10f9\" data-id=\"abe10f9\" data-element_type=\"column\" data-e-type=\"column\">\n\t\t\t<div class=\"elementor-widget-wrap elementor-element-populated\">\n\t\t\t\t\t\t<div class=\"elementor-element elementor-element-556631c elementor-widget elementor-widget-gallery\" data-id=\"556631c\" data-element_type=\"widget\" data-e-type=\"widget\" data-settings=\"{&quot;gallery_layout&quot;:&quot;masonry&quot;,&quot;columns&quot;:3,&quot;gap&quot;:{&quot;unit&quot;:&quot;px&quot;,&quot;size&quot;:50,&quot;sizes&quot;:[]},&quot;lazyload&quot;:&quot;yes&quot;,&quot;columns_tablet&quot;:2,&quot;columns_mobile&quot;:1,&quot;gap_tablet&quot;:{&quot;unit&quot;:&quot;px&quot;,&quot;size&quot;:10,&quot;sizes&quot;:[]},&quot;gap_mobile&quot;:{&quot;unit&quot;:&quot;px&quot;,&quot;size&quot;:10,&quot;sizes&quot;:[]},&quot;link_to&quot;:&quot;file&quot;,&quot;overlay_background&quot;:&quot;yes&quot;,&quot;content_hover_animation&quot;:&quot;fade-in&quot;}\" data-widget_type=\"gallery.default\">\n\t\t\t\t<div class=\"elementor-widget-container\">\n\t\t\t\t\t\t\t<div class=\"elementor-gallery__container\">\n\t\t\t\t\t\t\t<a class=\"e-gallery-item elementor-gallery-item elementor-animated-content\" href=\"https:\/\/yannlazoo.art\/wp-content\/uploads\/2022\/11\/feutrinesORTOFON.jpg\" data-elementor-open-lightbox=\"yes\" data-elementor-lightbox-slideshow=\"556631c\" data-elementor-lightbox-title=\"feutrine ORTOFON 1998\" data-e-action-hash=\"#elementor-action%3Aaction%3Dlightbox%26settings%3DeyJpZCI6MzA1LCJ1cmwiOiJodHRwczpcL1wveWFubmxhem9vLmFydFwvd3AtY29udGVudFwvdXBsb2Fkc1wvMjAyMlwvMTFcL2ZldXRyaW5lc09SVE9GT04uanBnIiwic2xpZGVzaG93IjoiNTU2NjMxYyJ9\">\n\t\t\t\t\t<div class=\"e-gallery-image elementor-gallery-item__image\" data-thumbnail=\"https:\/\/yannlazoo.art\/wp-content\/uploads\/2022\/11\/feutrinesORTOFON-768x769.jpg\" data-width=\"768\" data-height=\"769\" aria-label=\"\" role=\"img\" ><\/div>\n\t\t\t\t\t\t\t\t\t\t\t<div class=\"elementor-gallery-item__overlay\"><\/div>\n\t\t\t\t\t\t\t\t\t\t\t\t\t\t<\/a>\n\t\t\t\t\t\t\t<a class=\"e-gallery-item elementor-gallery-item elementor-animated-content\" href=\"https:\/\/yannlazoo.art\/wp-content\/uploads\/2022\/11\/feutrineortofonleague3.jpg\" data-elementor-open-lightbox=\"yes\" data-elementor-lightbox-slideshow=\"556631c\" data-elementor-lightbox-title=\"feutrine Ortofon league\" data-e-action-hash=\"#elementor-action%3Aaction%3Dlightbox%26settings%3DeyJpZCI6MzA0LCJ1cmwiOiJodHRwczpcL1wveWFubmxhem9vLmFydFwvd3AtY29udGVudFwvdXBsb2Fkc1wvMjAyMlwvMTFcL2ZldXRyaW5lb3J0b2ZvbmxlYWd1ZTMuanBnIiwic2xpZGVzaG93IjoiNTU2NjMxYyJ9\">\n\t\t\t\t\t<div class=\"e-gallery-image elementor-gallery-item__image\" data-thumbnail=\"https:\/\/yannlazoo.art\/wp-content\/uploads\/2022\/11\/feutrineortofonleague3-768x765.jpg\" data-width=\"768\" data-height=\"765\" aria-label=\"\" role=\"img\" ><\/div>\n\t\t\t\t\t\t\t\t\t\t\t<div class=\"elementor-gallery-item__overlay\"><\/div>\n\t\t\t\t\t\t\t\t\t\t\t\t\t\t<\/a>\n\t\t\t\t\t\t\t<a class=\"e-gallery-item elementor-gallery-item elementor-animated-content\" href=\"https:\/\/yannlazoo.art\/wp-content\/uploads\/2022\/11\/feutrinenightclub3.jpg\" data-elementor-open-lightbox=\"yes\" data-elementor-lightbox-slideshow=\"556631c\" data-elementor-lightbox-title=\"feutrine nightclub\" data-e-action-hash=\"#elementor-action%3Aaction%3Dlightbox%26settings%3DeyJpZCI6MzAzLCJ1cmwiOiJodHRwczpcL1wveWFubmxhem9vLmFydFwvd3AtY29udGVudFwvdXBsb2Fkc1wvMjAyMlwvMTFcL2ZldXRyaW5lbmlnaHRjbHViMy5qcGciLCJzbGlkZXNob3ciOiI1NTY2MzFjIn0%3D\">\n\t\t\t\t\t<div class=\"e-gallery-image elementor-gallery-item__image\" data-thumbnail=\"https:\/\/yannlazoo.art\/wp-content\/uploads\/2022\/11\/feutrinenightclub3-768x765.jpg\" data-width=\"768\" data-height=\"765\" aria-label=\"\" role=\"img\" ><\/div>\n\t\t\t\t\t\t\t\t\t\t\t<div class=\"elementor-gallery-item__overlay\"><\/div>\n\t\t\t\t\t\t\t\t\t\t\t\t\t\t<\/a>\n\t\t\t\t\t\t\t<a class=\"e-gallery-item elementor-gallery-item elementor-animated-content\" href=\"https:\/\/yannlazoo.art\/wp-content\/uploads\/2022\/11\/feutrineDJ2005.jpg\" data-elementor-open-lightbox=\"yes\" data-elementor-lightbox-slideshow=\"556631c\" data-elementor-lightbox-title=\"feutrine DJ 2005\" data-e-action-hash=\"#elementor-action%3Aaction%3Dlightbox%26settings%3DeyJpZCI6MzAyLCJ1cmwiOiJodHRwczpcL1wveWFubmxhem9vLmFydFwvd3AtY29udGVudFwvdXBsb2Fkc1wvMjAyMlwvMTFcL2ZldXRyaW5lREoyMDA1LmpwZyIsInNsaWRlc2hvdyI6IjU1NjYzMWMifQ%3D%3D\">\n\t\t\t\t\t<div class=\"e-gallery-image elementor-gallery-item__image\" data-thumbnail=\"https:\/\/yannlazoo.art\/wp-content\/uploads\/2022\/11\/feutrineDJ2005-768x769.jpg\" data-width=\"768\" data-height=\"769\" aria-label=\"\" role=\"img\" ><\/div>\n\t\t\t\t\t\t\t\t\t\t\t<div class=\"elementor-gallery-item__overlay\"><\/div>\n\t\t\t\t\t\t\t\t\t\t\t\t\t\t<\/a>\n\t\t\t\t\t\t\t<a class=\"e-gallery-item elementor-gallery-item elementor-animated-content\" href=\"https:\/\/yannlazoo.art\/wp-content\/uploads\/2022\/11\/feutrinedigitrackCMJN-scaled.jpg\" data-elementor-open-lightbox=\"yes\" data-elementor-lightbox-slideshow=\"556631c\" data-elementor-lightbox-title=\"feutrine digitrack 2\" data-e-action-hash=\"#elementor-action%3Aaction%3Dlightbox%26settings%3DeyJpZCI6MzAxLCJ1cmwiOiJodHRwczpcL1wveWFubmxhem9vLmFydFwvd3AtY29udGVudFwvdXBsb2Fkc1wvMjAyMlwvMTFcL2ZldXRyaW5lZGlnaXRyYWNrQ01KTi1zY2FsZWQuanBnIiwic2xpZGVzaG93IjoiNTU2NjMxYyJ9\">\n\t\t\t\t\t<div class=\"e-gallery-image elementor-gallery-item__image\" data-thumbnail=\"https:\/\/yannlazoo.art\/wp-content\/uploads\/2022\/11\/feutrinedigitrackCMJN-768x768.jpg\" data-width=\"768\" data-height=\"768\" aria-label=\"\" role=\"img\" ><\/div>\n\t\t\t\t\t\t\t\t\t\t\t<div class=\"elementor-gallery-item__overlay\"><\/div>\n\t\t\t\t\t\t\t\t\t\t\t\t\t\t<\/a>\n\t\t\t\t\t\t\t<a class=\"e-gallery-item elementor-gallery-item elementor-animated-content\" href=\"https:\/\/yannlazoo.art\/wp-content\/uploads\/2022\/11\/apercufeutrineQBert4.jpg\" data-elementor-open-lightbox=\"yes\" data-elementor-lightbox-slideshow=\"556631c\" data-elementor-lightbox-title=\"feutrine QBert\" data-e-action-hash=\"#elementor-action%3Aaction%3Dlightbox%26settings%3DeyJpZCI6MzAwLCJ1cmwiOiJodHRwczpcL1wveWFubmxhem9vLmFydFwvd3AtY29udGVudFwvdXBsb2Fkc1wvMjAyMlwvMTFcL2FwZXJjdWZldXRyaW5lUUJlcnQ0LmpwZyIsInNsaWRlc2hvdyI6IjU1NjYzMWMifQ%3D%3D\">\n\t\t\t\t\t<div class=\"e-gallery-image elementor-gallery-item__image\" data-thumbnail=\"https:\/\/yannlazoo.art\/wp-content\/uploads\/2022\/11\/apercufeutrineQBert4.jpg\" data-width=\"566\" data-height=\"567\" aria-label=\"\" role=\"img\" ><\/div>\n\t\t\t\t\t\t\t\t\t\t\t<div class=\"elementor-gallery-item__overlay\"><\/div>\n\t\t\t\t\t\t\t\t\t\t\t\t\t\t<\/a>\n\t\t\t\t\t\t\t<a class=\"e-gallery-item elementor-gallery-item elementor-animated-content\" href=\"https:\/\/yannlazoo.art\/wp-content\/uploads\/2022\/11\/apercufeutrineDIGITRACK.jpg\" data-elementor-open-lightbox=\"yes\" data-elementor-lightbox-slideshow=\"556631c\" data-elementor-lightbox-title=\"feutrine DIGITRACK\" data-e-action-hash=\"#elementor-action%3Aaction%3Dlightbox%26settings%3DeyJpZCI6Mjk5LCJ1cmwiOiJodHRwczpcL1wveWFubmxhem9vLmFydFwvd3AtY29udGVudFwvdXBsb2Fkc1wvMjAyMlwvMTFcL2FwZXJjdWZldXRyaW5lRElHSVRSQUNLLmpwZyIsInNsaWRlc2hvdyI6IjU1NjYzMWMifQ%3D%3D\">\n\t\t\t\t\t<div class=\"e-gallery-image elementor-gallery-item__image\" data-thumbnail=\"https:\/\/yannlazoo.art\/wp-content\/uploads\/2022\/11\/apercufeutrineDIGITRACK-768x765.jpg\" data-width=\"768\" data-height=\"765\" aria-label=\"\" role=\"img\" ><\/div>\n\t\t\t\t\t\t\t\t\t\t\t<div class=\"elementor-gallery-item__overlay\"><\/div>\n\t\t\t\t\t\t\t\t\t\t\t\t\t\t<\/a>\n\t\t\t\t\t\t\t<a class=\"e-gallery-item elementor-gallery-item elementor-animated-content\" href=\"https:\/\/yannlazoo.art\/wp-content\/uploads\/2022\/11\/apercufeutrine-hippo.jpg\" data-elementor-open-lightbox=\"yes\" data-elementor-lightbox-slideshow=\"556631c\" data-elementor-lightbox-title=\"feutrine DJ hippo\" data-e-action-hash=\"#elementor-action%3Aaction%3Dlightbox%26settings%3DeyJpZCI6Mjk4LCJ1cmwiOiJodHRwczpcL1wveWFubmxhem9vLmFydFwvd3AtY29udGVudFwvdXBsb2Fkc1wvMjAyMlwvMTFcL2FwZXJjdWZldXRyaW5lLWhpcHBvLmpwZyIsInNsaWRlc2hvdyI6IjU1NjYzMWMifQ%3D%3D\">\n\t\t\t\t\t<div class=\"e-gallery-image elementor-gallery-item__image\" data-thumbnail=\"https:\/\/yannlazoo.art\/wp-content\/uploads\/2022\/11\/apercufeutrine-hippo.jpg\" data-width=\"722\" data-height=\"787\" aria-label=\"\" role=\"img\" ><\/div>\n\t\t\t\t\t\t\t\t\t\t\t<div class=\"elementor-gallery-item__overlay\"><\/div>\n\t\t\t\t\t\t\t\t\t\t\t\t\t\t<\/a>\n\t\t\t\t\t\t\t<a class=\"e-gallery-item elementor-gallery-item elementor-animated-content\" href=\"https:\/\/yannlazoo.art\/wp-content\/uploads\/2022\/11\/aperccufeutrineDJ2007.jpg\" data-elementor-open-lightbox=\"yes\" data-elementor-lightbox-slideshow=\"556631c\" data-elementor-lightbox-title=\"feutrineDJ2007\" data-e-action-hash=\"#elementor-action%3Aaction%3Dlightbox%26settings%3DeyJpZCI6Mjk3LCJ1cmwiOiJodHRwczpcL1wveWFubmxhem9vLmFydFwvd3AtY29udGVudFwvdXBsb2Fkc1wvMjAyMlwvMTFcL2FwZXJjY3VmZXV0cmluZURKMjAwNy5qcGciLCJzbGlkZXNob3ciOiI1NTY2MzFjIn0%3D\">\n\t\t\t\t\t<div class=\"e-gallery-image elementor-gallery-item__image\" data-thumbnail=\"https:\/\/yannlazoo.art\/wp-content\/uploads\/2022\/11\/aperccufeutrineDJ2007-768x768.jpg\" data-width=\"768\" data-height=\"768\" aria-label=\"\" role=\"img\" ><\/div>\n\t\t\t\t\t\t\t\t\t\t\t<div class=\"elementor-gallery-item__overlay\"><\/div>\n\t\t\t\t\t\t\t\t\t\t\t\t\t\t<\/a>\n\t\t\t\t\t<\/div>\n\t\t\t\t\t<\/div>\n\t\t\t\t<\/div>\n\t\t\t\t\t<\/div>\n\t\t<\/div>\n\t\t\t\t\t<\/div>\n\t\t<\/section>\n\t\t\t\t<\/div>\n\t\t","protected":false},"excerpt":{"rendered":"<p>Feutrines DJ ORTOFON S\u00e9rie de Feutrines pour DJ\u2019s r\u00e9alis\u00e9es \u00e0 la demande de Ortofon, fabricant de t\u00eates de lecture pour platines vinyls. Chaque feutrine se r\u00e9f\u00e8re \u00e0 un mod\u00e8le sp\u00e9cifique de t\u00eate de lecture.<\/p>\n","protected":false},"author":1,"featured_media":0,"parent":0,"menu_order":0,"comment_status":"closed","ping_status":"closed","template":"","meta":{"footnotes":""},"class_list":["post-295","page","type-page","status-publish","hentry"],"_links":{"self":[{"href":"https:\/\/yannlazoo.art\/index.php?rest_route=\/wp\/v2\/pages\/295","targetHints":{"allow":["GET"]}}],"collection":[{"href":"https:\/\/yannlazoo.art\/index.php?rest_route=\/wp\/v2\/pages"}],"about":[{"href":"https:\/\/yannlazoo.art\/index.php?rest_route=\/wp\/v2\/types\/page"}],"author":[{"embeddable":true,"href":"https:\/\/yannlazoo.art\/index.php?rest_route=\/wp\/v2\/users\/1"}],"replies":[{"embeddable":true,"href":"https:\/\/yannlazoo.art\/index.php?rest_route=%2Fwp%2Fv2%2Fcomments&post=295"}],"version-history":[{"count":26,"href":"https:\/\/yannlazoo.art\/index.php?rest_route=\/wp\/v2\/pages\/295\/revisions"}],"predecessor-version":[{"id":1900,"href":"https:\/\/yannlazoo.art\/index.php?rest_route=\/wp\/v2\/pages\/295\/revisions\/1900"}],"wp:attachment":[{"href":"https:\/\/yannlazoo.art\/index.php?rest_route=%2Fwp%2Fv2%2Fmedia&parent=295"}],"curies":[{"name":"wp","href":"https:\/\/api.w.org\/{rel}","templated":true}]}}